uppose 93*m - 90*m = 36. Suppose p + m*s = 10*s + 5, p + 3*s = 6. Suppose -p*h + 628 = h. What is the hundreds digit of h?
1
Let f(a) = a**3 + 51*a**2 - 213*a + 205. What is the tens digit of f(-43)?
5
Let l be 16/20 - (-11)/(-110)*-1602. Suppose 0*u - 4*u + 388 = 0. Let r = l - u. What is the units digit of r?
4
Let c(l) = -90*l + 4714. What is the tens digit of c(-28)?
3
Let n be ((-36)/(-42))/((-3)/(-14)). Suppose -n*o - 23 = -39. Suppose o*w - 1134 + 339 = -d, -5*w - 4*d = -980. What is the tens digit of w?
0
Let q be 30/35*84/8. Let j = -12 + q. Let z = j - -74. What is the units digit of z?
1
Suppose 3*i - 2*n = -521 + 2446, -4*i = 3*n - 2578. Suppose -19*x = i - 2866. What is the tens digit of x?
1
Let f = -47 - -138. Let r = -315 + 302. Let b = r + f. What is the units digit of b?
8
Suppose -2*m = 4*y - 372, -6*y + y + 456 = -2*m. What is the tens digit of (-6 - (-39384)/y) + (-4)/46?
2
Let i(l) = 16*l**2 + 63*l - 1403. What is the units digit of i(21)?
6
Suppose -2*m - 5 + 2 = -5*v, -2*m - 4*v - 48 = 0. Let s(f) = f**3 + 22*f**2 + 42*f + 25. What is the units digit of s(m)?
5
Let f = 74 + -62. What is the units digit of 2/12 - ((-1666)/f - 0)?
9
Let c(a) = 8*a**3 + 29*a**2 - 112*a - 16. What is the hundreds digit of c(9)?
1
Suppose -g + 8*b - 13*b + 2 = 0, -2*g + 2*b + 4 = 0. Suppose 0*x + 1736 = g*c - 2*x, 4*x = c - 883. What is the hundreds digit of c?
8
Let l(f) = f**3 + 15*f**2 + 2*f - 3. Let m be l(-15). Let w = m + 29. What is the units digit of (-18)/(-6) + (-196)/w?
2
Suppose 110*i - 69*i - 697574 = 0. What is the hundreds digit of i?
0
Suppose 4*b - 3*c - 2 + 0 = 0, -b + c = 0. What is the units digit of 78/52 + (-2 - (-1269)/b)?
4
Suppose 9*b - 10601 - 5815 = 0. What is the thousands digit of b?
1
Let x(u) = 3*u + 39. Let h be x(-13). Suppose h = -6*z + 943 + 551. What is the tens digit of z?
4
What is the units digit of (((-832)/(-24))/(-26))/(1/(-4362))?
6
Suppose 25*v + 127 = -3573. Let q(k) = -6*k**2 - 7*k - 5. Let n be q(-4). Let c = n - v. What is the units digit of c?
5
Let o(n) be the first derivative of 4*n**5/15 + n**4/4 + 5*n**3 - n**2/2 - 8. Let w(m) be the third derivative of o(m). What is the tens digit of w(3)?
0
What is the hundreds digit of ((-332)/(-68) + -5 - (-3294)/(-34))*-196?
0
Suppose 29*g + 114405 - 1089646 = 0. What is the thousands digit of g?
3
Let o(w) = -5285*w**3 - 7*w**2 - 6*w. What is the hundreds digit of o(-1)?
2
Suppose 4*n + 563 = -m + 19985, 4*m - 4*n = 77628. What is the hundreds digit of m?
4
Let y = -4802 - -19634. What is the units digit of y?
2
Let s = 675 - 459. Suppose -u + 447 = 2*v, 2*u + u = -v + s. What is the units digit of v?
5
Let u = 36 - 22. Let v be 4/(-14) + 74/u. Suppose v*g - 119 = -14. What is the units digit of g?
1
Suppose 2*r + 20*r = 0. Let t be (-4)/(-16) + r - (-446)/8. What is the units digit of 2506/t*(5 - (1 + 0))?
9
Let u be (8/(-3))/(62/13113). Let o = -308 - u. What is the hundreds digit of o?
2
Let m = 94 - 134. Let g = m - 75. What is the tens digit of g*10/(-75)*6?
9
Suppose 0 = 3*x - 38 - 16. Suppose 13*n - 11*n - x = 0. Suppose -n*q + 53 + 10 = 0. What is the units digit of q?
7
Let s = -1751 - -4806. Suppose 7*g - s - 3021 = 0. What is the tens digit of g?
6
Suppose 98 = 3*a + 2. Suppose -33*g - 29 = -a*g. Let t = -10 - g. What is the tens digit of t?
1
Let r = -112 - -115. Suppose -r*q + 475 = 2*u, -u - 215 = -2*u + 3*q. What is the tens digit of u?
3
Suppose -14 - 50 = -8*x. Let s(v) = 3*v**2 + 18*v - 18. What is the units digit of s(x)?
8
Suppose -o - 4208 = -u, -41*u - 8419 = -43*u + o. What is the units digit of u?
1
Let m = 16489 - 2306. What is the tens digit of m?
8
What is the units digit of ((-23254)/(-420) + 8/60)*162?
1
Suppose -2*g + 5*n - 1 = 6, 5*g - 5 = 5*n. Suppose 0*p = -2*p - g*q - 54, p + 23 = -3*q. Let m = p + 77. What is the units digit of m?
2
What is the units digit of 30705 - -1*-14*((-3)/6 - -1)?
8
What is the tens digit of (10 - 416/12)/((-14)/47103)?
9
Let i(b) = -2*b**3 - 12*b**2 - 6*b - 21. Let s be i(-9). What is the tens digit of 27/6*s/18*4?
1
Let f(t) = 766*t + 2293. What is the ten thousands digit of f(58)?
4
Let o(i) = 17*i**3 + 3*i**2 - 7*i - 15. What is the thousands digit of o(7)?
5
Let d = -17933 - -30576. What is the hundreds digit of d?
6
Suppose -7*c = -14*c - c. Suppose 18*n - 17*n - 744 = c. What is the units digit of n?
4
Let y(o) be the second derivative of 13*o**3 + 19*o**2 - 305*o. What is the units digit of y(16)?
6
Let g(u) be the third derivative of -u**6/120 + u**5/20 - u**4/6 + 5*u**3/6 - 4*u**2. Let h be g(2). Let v(c) = 61*c + 1. What is the units digit of v(h)?
2
Suppose 29*b - 24*b + 35 = 0. Let c be (-22)/(-14) + -2 - 8648/b. Suppose -g + 9*v + 267 = 5*v, 5*v - c = -5*g. What is the tens digit of g?
5
Let p(h) = 8*h**2 + 180*h + 44. What is the units digit of p(-43)?
6
What is the hundreds digit of ((-2)/(-4))/((-44)/(-1345608))?
2
Let g(r) = -6*r + 6. Let c be g(-2). Suppose -13*i = -4*i - c. Suppose 12 = 3*y + s - i*s, -5*y = 4*s - 37. What is the units digit of y?
5
Suppose 54*m - 88008 = 25*m + 23*m. What is the hundreds digit of m?
6
Let d be (-2)/(-7) - ((-11712)/(-28) + -6). Let o = -47 - d. What is the hundreds digit of o?
3
Suppose 73*d - 318742 = 1093808. What is the thousands digit of d?
9
Suppose 0 = -4*q - q + 55. Let z(y) = -6*y + 12. Let w be z(q). What is the units digit of (-1)/(1/w) - 1?
3
Suppose 4*v + 2*g = 10116, 3*v - 15*g + 17*g - 7588 = 0. What is the units digit of v?
8
Suppose 0 = 2*s + 10*s + 11*s - 52256. What is the thousands digit of s?
2
Let o(h) = -h**2 + 7*h - 85. Let t be o(-13). What is the hundreds digit of -1*4/30 - 229126/t?
6
Let j(o) = 43*o**2 - 33*o + 41. Let i(q) = -20*q**2 + 17*q - 20. Let w(d) = -13*i(d) - 6*j(d). Let p be 12 + (0 + 1 - 2). What is the units digit of w(p)?
3
Let j be ((-18)/15)/(-3) - 429/(-15). Let r be (-27 + j)*82/4. Let n = 45 + r. What is the units digit of n?
6
Suppose -8*y + 134 + 554 = 0. Let g = y + 107. What is the hundreds digit of g?
1
Let d = -323 - -650. What is the units digit of d?
7
Let t be 2473*4/(-16) + (-2)/(-8). Let a = -100 - t. What is the units digit of a?
8
Let l(w) = w**2 - 8*w + 17. Let h be l(6). Suppose 2*d + 3*k = 2 - h, 5*d - 4*k = 50. Let a = 130 - d. What is the units digit of a?
4
Let h(u) = -u**3 - 13*u**2 - 23*u + 4. Let q be h(-11). Suppose -r - r = 3*k - 1119, q = -3*k. What is the hundreds digit of r?
5
Suppose -2*z = -0*z + 48. What is the units digit of (-3)/z*4 - 286/(-4)?
2
Suppose 4*j + 5*j = 4*j + 158145. What is the units digit of j?
9
Let k(l) = -2*l + 4 - 3 + 3*l. Let p(y) = -10*y - 12. Let n(g) = -2*k(g) - p(g). What is the tens digit of n(7)?
6
Suppose -7*v = -8*v + 20. Suppose -12*t + v = -4. Suppose -2*m + o + 3*o = -180, 82 = m + t*o. What is the units digit of m?
6
Let u(q) = 700*q + 9569. What is the tens digit of u(25)?
6
Suppose -4*x + 2*t = 14, 4*t + 37 = -3*x - 2*x. What is the hundreds digit of 11 + -7 + 323 + x?
3
Let m = -1087 - -2180. Let c = -777 + m. What is the hundreds digit of c?
3
Suppose m = 3*b + 5876, -4*m + 27264 = -5*b + 3767. What is the units digit of m?
3
Let n(w) = 127*w + 53. Let h be n(5). Let q = -211 + h. What is the hundreds digit of q?
4
Let s be 74*-2*(-44)/(-16). Let z = s + 769. What is the units digit of z?
2
Let f = -43 - -59. Let g = 18 - f. Suppose 0*q - 5*o - 280 = -3*q, g*q - 4*o = 184. What is the hundreds digit of q?
1
Suppose 25 = 4*h - 23. Suppose -2*f - f + h = 0. Suppose -f*m + 2*n = -124, -2*n - 1 - 94 = -3*m. What is the tens digit of m?
2
Let o(t) = 2*t**2 - t. Let c be o(-2). Suppose -4*k - 18 = -2*s, -2*s + 2*k + 2 = -c. What is the tens digit of (-1 - -4) + 57/s?
2
Suppose -871972 - 1736924 = -96*b. What is the thousands digit of b?
7
Let w(i) = 2*i**2 + 2*i - 1. Let b be w(1). Let t be b*(-2)/(-6) - -483. Suppose -t = -4*q - 148. What is the tens digit of q?
8
Suppose 3*t + 2*t - 85 = 0. Suppose 2*z + h = 5, 3*h = 2*z - 0*h - t. Suppose 210 = 7*i - z*i. What is the units digit of i?
0
Let s(y) = -2*y**3 - 27*y**2 + 11*y - 27. Let w be s(-14). Suppose 5*z + 837 = t, 13*t = w*t - z - 1719. What is the tens digit of t?
6
Suppose -5*g + 110 = 2*i, -3*i + 95 = -0*g + 4*g. What is the units digit of 8/g*(-6 - -521)?
6
Suppose 0